{"id":45,"date":"2025-06-20T10:33:30","date_gmt":"2025-06-20T10:33:30","guid":{"rendered":"https:\/\/brodr-saether.cust.ssc.no\/?page_id=45"},"modified":"2025-06-20T10:36:26","modified_gmt":"2025-06-20T10:36:26","slug":"om-oss","status":"publish","type":"page","link":"https:\/\/brodr-saether.no\/?page_id=45","title":{"rendered":"Om oss"},"content":{"rendered":"\t\t<div data-elementor-type=\"wp-page\" data-elementor-id=\"45\" class=\"elementor elementor-45\">\n\t\t\t\t<div class=\"elementor-element elementor-element-d1460ee e-flex e-con-boxed e-con e-parent\" data-id=\"d1460ee\" data-element_type=\"container\" data-e-type=\"container\">\n\t\t\t\t\t<div class=\"e-con-inner\">\n\t\t\t\t<div class=\"elementor-element elementor-element-4d27637 elementor-widget elementor-widget-heading\" data-id=\"4d27637\" data-element_type=\"widget\" data-e-type=\"widget\" data-widget_type=\"heading.default\">\n\t\t\t\t<div class=\"elementor-widget-container\">\n\t\t\t\t\t<h2 class=\"elementor-heading-title elementor-size-default\">Om oss<\/h2>\t\t\t\t<\/div>\n\t\t\t\t<\/div>\n\t\t\t\t\t<\/div>\n\t\t\t\t<\/div>\n\t\t<div class=\"elementor-element elementor-element-b3addea e-flex e-con-boxed e-con e-parent\" data-id=\"b3addea\" data-element_type=\"container\" data-e-type=\"container\">\n\t\t\t\t\t<div class=\"e-con-inner\">\n\t\t\t\t<div class=\"elementor-element elementor-element-365f1b6 elementor-widget elementor-widget-text-editor\" data-id=\"365f1b6\" data-element_type=\"widget\" data-e-type=\"widget\" data-widget_type=\"text-editor.default\">\n\t\t\t\t<div class=\"elementor-widget-container\">\n\t\t\t\t\t\t\t\t\t<p><strong>Br\u00f8drene S\u00e6ther AS har i dag 9 ansatte og holder til p\u00e5 Reinsvoll, sentralt beliggende p\u00e5 \u00d8stlandet med raske forbindelser til hele Norge.<\/strong><\/p>\t\t\t\t\t\t\t\t<\/div>\n\t\t\t\t<\/div>\n\t\t\t\t\t<\/div>\n\t\t\t\t<\/div>\n\t\t<div class=\"elementor-element elementor-element-60a69fe e-flex e-con-boxed e-con e-parent\" data-id=\"60a69fe\" data-element_type=\"container\" data-e-type=\"container\">\n\t\t\t\t\t<div class=\"e-con-inner\">\n\t\t\t\t<div class=\"elementor-element elementor-element-6999015 elementor-widget elementor-widget-text-editor\" data-id=\"6999015\" data-element_type=\"widget\" data-e-type=\"widget\" data-widget_type=\"text-editor.default\">\n\t\t\t\t<div class=\"elementor-widget-container\">\n\t\t\t\t\t\t\t\t\t<p>Kort vei til Jernbane og transportselskaper gj\u00f8r alle leveranser raske og rimelige. N\u00e5r du benytter oss som din leverand\u00f8r av pallekarmer, paller og st\u00f8tteemballasje, skal du vite at du har med en seri\u00f8s og kvalitetsbevisst leverand\u00f8r \u00e5 gj\u00f8re. Vi setter v\u00e5r \u00e6re i \u00e5 overholde leveringstider, kvalitetskrav og avtaler! Br\u00f8drene S\u00e6ther AS har gjennom mange \u00e5r opparbeidet seg et ry som leverand\u00f8r av paller, pallekarmer og forskjellige st\u00f8tteemballasjer til mange bedrifter utover hele Norge.<\/p><p>Fleksibilitet er form\u00e5let med v\u00e5re sammenleggbare pallekarmer. Fleksibilitet skal gi deg fordeler og redusere dine transport- og lagringskostnader. Sammenleggbare pallekarmer tilpasset EURO-paller lagerf\u00f8res og kan leveres p\u00e5 kort varsel.<\/p>\t\t\t\t\t\t\t\t<\/div>\n\t\t\t\t<\/div>\n\t\t\t\t\t<\/div>\n\t\t\t\t<\/div>\n\t\t<div class=\"elementor-element elementor-element-859c0c2 e-flex e-con-boxed e-con e-parent\" data-id=\"859c0c2\" data-element_type=\"container\" data-e-type=\"container\">\n\t\t\t\t\t<div class=\"e-con-inner\">\n\t\t\t\t<div class=\"elementor-element elementor-element-e43d9f3 elementor-widget elementor-widget-text-editor\" data-id=\"e43d9f3\" data-element_type=\"widget\" data-e-type=\"widget\" data-widget_type=\"text-editor.default\">\n\t\t\t\t<div class=\"elementor-widget-container\">\n\t\t\t\t\t\t\t\t\t<p>Utenom standard pallekarmer kan vi ogs\u00e5 skreddersy karmer etter dine \u00f8nsker og tilpasset dine behov. Lengde og bredde kan variere, mens karmh\u00f8yde er standard. V\u00e5re pallekarmer er av h\u00f8y kvalitet og har meget lang levetid. Dette vil p\u00e5 sikt v\u00e6re med \u00e5 redusere dine kostnader. Ved \u00e5 benytte standard pallekarmer eller skreddersy dem etter dine behov, oppn\u00e5r du store besparelser:<\/p><ul><li>Bedre utnyttelse av lastevolumene<\/li><li>Raskere lasting<\/li><li>F\u00e6rre skader under lasting og lagring<\/li><li>Mindre volum ved retur<\/li><li>Maksimal utnyttelse av lastekapasitet<\/li><li>Redusert bruk av engangsemballasje.<\/li><\/ul>\t\t\t\t\t\t\t\t<\/div>\n\t\t\t\t<\/div>\n\t\t\t\t\t<\/div>\n\t\t\t\t<\/div>\n\t\t\t\t<\/div>\n\t\t","protected":false},"excerpt":{"rendered":"<p>Om oss Br\u00f8drene S\u00e6ther AS har i dag 9 ansatte og holder til p\u00e5 Reinsvoll, sentralt beliggende p\u00e5 \u00d8stlandet med [&hellip;]<\/p>\n","protected":false},"author":1,"featured_media":0,"parent":0,"menu_order":0,"comment_status":"closed","ping_status":"closed","template":"","meta":{"site-sidebar-layout":"no-sidebar","site-content-layout":"","ast-site-content-layout":"full-width-container","site-content-style":"default","site-sidebar-style":"default","ast-global-header-display":"","ast-banner-title-visibility":"","ast-main-header-display":"","ast-hfb-above-header-display":"","ast-hfb-below-header-display":"","ast-hfb-mobile-header-display":"","site-post-title":"disabled","ast-breadcrumbs-content":"","ast-featured-img":"disabled","footer-sml-layout":"","theme-transparent-header-meta":"","adv-header-id-meta":"","stick-header-meta":"","header-above-stick-meta":"","header-main-stick-meta":"","header-below-stick-meta":"","astra-migrate-meta-layouts":"default","ast-page-background-enabled":"default","ast-page-background-meta":{"desktop":{"background-color":"var(--ast-global-color-5)","background-image":"","background-repeat":"repeat","background-position":"center center","background-size":"auto","background-attachment":"scroll","background-type":"","background-media":"","overlay-type":"","overlay-color":"","overlay-opacity":"","overlay-gradient":""},"tablet":{"background-color":"","background-image":"","background-repeat":"repeat","background-position":"center center","background-size":"auto","background-attachment":"scroll","background-type":"","background-media":"","overlay-type":"","overlay-color":"","overlay-opacity":"","overlay-gradient":""},"mobile":{"background-color":"","background-image":"","background-repeat":"repeat","background-position":"center center","background-size":"auto","background-attachment":"scroll","background-type":"","background-media":"","overlay-type":"","overlay-color":"","overlay-opacity":"","overlay-gradient":""}},"ast-content-background-meta":{"desktop":{"background-color":"var(--ast-global-color-4)","background-image":"","background-repeat":"repeat","background-position":"center center","background-size":"auto","background-attachment":"scroll","background-type":"","background-media":"","overlay-type":"","overlay-color":"","overlay-opacity":"","overlay-gradient":""},"tablet":{"background-color":"var(--ast-global-color-4)","background-image":"","background-repeat":"repeat","background-position":"center center","background-size":"auto","background-attachment":"scroll","background-type":"","background-media":"","overlay-type":"","overlay-color":"","overlay-opacity":"","overlay-gradient":""},"mobile":{"background-color":"var(--ast-global-color-4)","background-image":"","background-repeat":"repeat","background-position":"center center","background-size":"auto","background-attachment":"scroll","background-type":"","background-media":"","overlay-type":"","overlay-color":"","overlay-opacity":"","overlay-gradient":""}},"footnotes":""},"class_list":["post-45","page","type-page","status-publish","hentry"],"_links":{"self":[{"href":"https:\/\/brodr-saether.no\/index.php?rest_route=\/wp\/v2\/pages\/45","targetHints":{"allow":["GET"]}}],"collection":[{"href":"https:\/\/brodr-saether.no\/index.php?rest_route=\/wp\/v2\/pages"}],"about":[{"href":"https:\/\/brodr-saether.no\/index.php?rest_route=\/wp\/v2\/types\/page"}],"author":[{"embeddable":true,"href":"https:\/\/brodr-saether.no\/index.php?rest_route=\/wp\/v2\/users\/1"}],"replies":[{"embeddable":true,"href":"https:\/\/brodr-saether.no\/index.php?rest_route=%2Fwp%2Fv2%2Fcomments&post=45"}],"version-history":[{"count":4,"href":"https:\/\/brodr-saether.no\/index.php?rest_route=\/wp\/v2\/pages\/45\/revisions"}],"predecessor-version":[{"id":49,"href":"https:\/\/brodr-saether.no\/index.php?rest_route=\/wp\/v2\/pages\/45\/revisions\/49"}],"wp:attachment":[{"href":"https:\/\/brodr-saether.no\/index.php?rest_route=%2Fwp%2Fv2%2Fmedia&parent=45"}],"curies":[{"name":"wp","href":"https:\/\/api.w.org\/{rel}","templated":true}]}}